on divisor of 56 and v?
28
Let r = -1039 - -1769. What is the greatest common divisor of 10 and r?
10
Suppose -2*s - 91 = -15*s. Calculate the highest common factor of 728 and s.
7
Let m = -127 - -198. Let z = m + -47. What is the greatest common divisor of z and 60?
12
Let y be 2 - (4 + -3)*-7. Suppose 0 = -n - 7*s + 4*s + y, -n = 4*s - 8. What is the highest common divisor of 30 and n?
6
Suppose 6*s - 9*s - 4*u = 314, 3*s + 3*u + 312 = 0. Let p = s + 123. What is the highest common factor of 28 and p?
7
Suppose l + 0 = 20. Let s = l + 10. Let k = 14 - -1. Calculate the highest common divisor of k and s.
15
Let q be ((2 + -14)/3)/((-4)/418). What is the greatest common divisor of q and 66?
22
Let g be 21/6 + -3 + (-31)/(-2). Suppose 0 = -0*s + 3*s - h - g, -3*s + 10 = 5*h. Calculate the greatest common factor of 40 and s.
5
Let x be 6/5*2590/111. Let b be (52/(-8))/(1/(-2)). Let u = x - b. What is the greatest common factor of 30 and u?
15
Suppose -810 = -57*a + 3*a. Calculate the greatest common factor of 125 and a.
5
Let i = -5 - 11. Let c(b) = -b**3 - 17*b**2 - 15*b + 17. Let d be c(i). Suppose -2*j = -n - d, 0 = 2*j - 2 - 2. What is the highest common divisor of 33 and n?
3
Let z be 12/78 - 1428/(-13). Suppose -5*v - z = -3*h, -63 - 187 = -5*h - 5*v. What is the greatest common divisor of h and 15?
15
Let a be (2/4 + -3)*-38. Suppose -y - g = -26 + 4, 4*y + g = 79. Calculate the greatest common divisor of y and a.
19
Let n(h) = h - 5. Let v be n(8). Suppose d - 4*b + 4 = 0, -d - 5 = -v*d - 5*b. Suppose 2*j + j - 48 = d. What is the highest common factor of j and 24?
8
Let y(c) = c**3 + 7*c**2 + 3*c - 14. Let i be y(-6). Suppose 180 - 60 = i*x. Let r be (-1)/(-3) + (-896)/(-12). Calculate the highest common factor of x and r.
15
Let v(g) be the first derivative of 5*g**2 + 5*g - 9. Let n be v(5). Let l = 17 - 6. Calculate the greatest common factor of n and l.
11
Suppose 50*m - 57*m + 812 = 0. Calculate the greatest common divisor of 203 and m.
29
Let z(q) = -5*q + 38. Let o be z(7). Let b = 58 + -15. Suppose -5*t - 56 = -3*p, -o*t - 7 + b = 4*p. What is the highest common divisor of 12 and p?
12
Suppose 0 = -92*t + 91*t - 3, 3*q - 66 = t. Calculate the highest common factor of q and 371.
7
Let f be -3 - (3 - 8)*1. Suppose 2*h - 44 = 3*n - 0*n, -f*n = 4*h - 56. What is the highest common factor of 176 and h?
16
Let w(d) = d**2 - 42*d + 245. Let t be w(39). What is the greatest common divisor of 32 and t?
32
Let p = 2763 - 2707. Calculate the highest common factor of 216 and p.
8
Let y = -98 + 107. Suppose -15 - 129 = -y*s. Calculate the highest common divisor of 32 and s.
16
Let r(s) = 167*s**2 + 6*s - 1. Let l be r(1). Calculate the highest common factor of l and 258.
86
Suppose -2*g + 7 = -1. Suppose -g*i = 5*b + 167 - 659, -8 = 4*i. Let z = -3 + 13. What is the greatest common factor of b and z?
10
Let p = 26 - 16. Let a(v) = -v**2 + 11*v - 5. Let f be a(p). Calculate the highest common factor of f and 45.
5
Let s = 169 - 156. What is the highest common divisor of 65 and s?
13
Suppose -48 = m - 158. Calculate the highest common divisor of 165 and m.
55
Suppose -5*k + k + 8 = 0, 0 = 3*m + 5*k - 13. Let x(b) = -3*b - 3. Let h be x(-2). Calculate the highest common factor of m and h.
1
Suppose -6*v + 60 - 24 = 0. Suppose 9*g - v*g - 261 = 0. Calculate the highest common divisor of g and 29.
29
Suppose 2*s = -3*n + 13, -5*s - 12 = -3*n + 29. Let o(h) = h**3 + 8 + h - 8 - h**2 - 7. Let u be o(3). What is the greatest common divisor of u and n?
7
Let s = -456 + 480. Calculate the greatest common factor of 20 and s.
4
Let o = 660 + -388. What is the highest common divisor of 34 and o?
34
Suppose 0 = 2*h - 4*h - 22. Let i(g) = -g**2 - 12*g - 7. Let w be i(h). Let p be 2/w*14*1. Calculate the highest common factor of 56 and p.
7
Let l(x) = -3*x - 47. Let i be l(-15). Let f be (-78)/(-4 + (i - 36/(-8))). Calculate the greatest common divisor of f and 4.
4
Let z(j) = j**2 - 9*j - 2. Let l(m) = -2*m - 18. Let v be l(-6). Let d be z(v). What is the greatest common divisor of 11 and d?
11
Let k = 221 + -179. Calculate the greatest common factor of k and 24.
6
Let r(n) = 2*n**2 + 4 - 3*n**2 + n + 0*n. Let y be r(0). Suppose -y*a = i - 0*a - 35, -3*i - a = -160. Calculate the greatest common factor of i and 5.
5
Let y be (-33 + 4)*4*2/(-4). Let r = y + -28. Calculate the greatest common divisor of 45 and r.
15
Suppose -4*p + 3*d = -96, -4*p + 50 = -d - 46. Let n = -1130 - -1394. What is the highest common factor of p and n?
24
Let z = 421 + -389. Calculate the highest common factor of z and 16.
16
Let j = -1925 + 1936. Let d = 0 + 1. What is the highest common divisor of d and j?
1
Let z = 120 - -64. Let r be (69/3)/((-9)/(-2) + -4). What is the greatest common divisor of z and r?
46
Let y = -7 - -30. Suppose -u - 2 = -0*u - w, 4*w = -u + y. Suppose 0*m - 4*m + 8 = 0, u*b - m - 118 = 0. What is the highest common divisor of b and 100?
20
Suppose 0 = 4*l + 47 + 57. Let u be (-4)/l + (-1008)/(-208). Let d be 55 + 3/(u - 2). Calculate the highest common factor of d and 8.
8
Let s(l) = 2*l**2 - 7*l + 5. Let r be s(4). Suppose 75 = 5*a + 2*k - 336, -a + 5*k = -66. What is the highest common divisor of r and a?
9
Let r(g) = -g + 13. Suppose 6*m - 3*m = -3*l + 9, -5*l + 11 = 4*m. Let j be r(m). What is the greatest common factor of 1 and j?
1
Suppose -291 = -15*q + 39. What is the highest common factor of q and 54?
2
Suppose w = 70 - 28. Let t be (3 + 1)/2 + w. Let g(z) = 3*z**2 + 7*z - 6. Let x be g(1). Calculate the highest common divisor of t and x.
4
Suppose z - 24 = -2*z + 5*x, -2*x + 8 = z. Let h be (-5 - (-2 - 1))*2. Let m be (-2)/h - (-46)/4. What is the highest common divisor of m and z?
4
Let u(g) = g**2 + 25*g + 155. Let a be u(-14). Calculate the highest common factor of 67 and a.
1
Suppose 18 = o + 3*h - 81, -2*h + 2 = 0. Suppose 4*t + 3*p = 49, 2*p = t - 2*p - 36. Calculate the highest common factor of t and o.
16
Let p = 103 - 67. Suppose 2*d = 3*s - 542, 4*s - 724 = -0*s + 4*d. What is the greatest common divisor of s and p?
36
Suppose -5 = -2*m - 1. Let h(u) = 5*u**2 - 4*u - 2. Let f be h(m). Calculate the greatest common divisor of 110 and f.
10
Let c be (1 - -1)/(777/(-196) - -4). Let n be (10/6 + -1)*84. Calculate the greatest common factor of c and n.
56
Let c = -24 + 79. Suppose -4*i - c = i. Let y = 16 - i. Calculate the greatest common factor of y and 3.
3
Let l be 38/494 - (-51)/13. Let u(k) = 15*k**2 - 1. Let b be u(1). Let v = b - 6. What is the highest common factor of v and l?
4
Let s = 95 - 84. What is the greatest common divisor of 88 and s?
11
Let w(p) be the second derivative of p**4/12 + 3*p**3/2 - 9*p**2 + 8*p. Let k be w(-13). Let m = -8 + k. What is the greatest common divisor of 39 and m?
13
Suppose 14*g - 370 - 50 = 0. Calculate the highest common factor of g and 135.
15
Suppose 0 = -5*t + 2*i + 340 + 92, t - 89 = 3*i. Let r = -24 - -67. What is the greatest common factor of t and r?
43
Suppose 72 = 2*a - 26. Let r be (-2)/((-83)/483 + 7/a). What is the greatest common divisor of 23 and r?
23
Suppose 2*l - 71 = r, -110 = -2*l - 2*r - 24. Suppose -2*p = -3*p + l. What is the greatest common divisor of 19 and p?
19
Let c be (14/5)/((-4)/(-20)). Suppose -x = 2*q - 6 - 2, c = 3*x + q. What is the highest common factor of x and 1?
1
Let w(n) = -3*n + 52. Let l be w(-6). What is the highest common factor of 56 and l?
14
Let t be 123 + 33/(-3) + (-1)/(-1). What is the highest common divisor of t and 1017?
113
Let v(h) = 2*h**2 + 40*h + 8. Let p be v(-20). Suppose -d - d = -p. What is the highest common factor of d and 44?
4
Let h be (-1 + (-2 - -1))*(-5)/2. Suppose 0 = -0*x + x - 84. Suppose 3*p - 40 = -5*d, 2*d - 3*d = -4*p + x. Calculate the highest common divisor of h and p.
5
Suppose 3*b + 160 = 349. Calculate the greatest common divisor of b and 9.
9
Let v(k) = -6*k**2 - 6*k - 38 + 13 - k**3 + 18*k**2. Let d be v(11). What is the greatest common divisor of 5 and d?
5
Let m = 608 - 475. What is the greatest common factor of m and 38?
19
Let b = 176 + -304. Let v = b + 273. Suppose 0 = y - 4*y - 9, v = 2*w - 5*y. Calculate the highest common divisor of 13 and w.
13
Suppose -u + 2*v = -33, 0 = 2*u + v - 39 - 2. Suppose -